the prime factors of s.
13
Suppose -3 = -2*x + 5*j, 5*j - 13 = -3*x + 4. Suppose x*a = -0*a - 60. Let r = -2 - a. What are the prime factors of r?
13
Let z be 2*((-75)/6)/(-5). Suppose v = -5*d + 32 + 25, -z*d + 2*v = -51. What are the prime factors of d?
11
Let c be 561/12 + (-1)/(-4). Suppose c = 3*k - 70. List the prime factors of (-4)/(-16) - k/(-4).
2, 5
Suppose l - 20 = -4*n, -3*l + 18 = 5*n - 35. Let o = 7 + l. List the prime factors of o.
23
Let w = -6 - -12. Let b = w - 6. Suppose 2*r = b, -5*j = -3*j + 3*r - 6. What are the prime factors of j?
3
Let h be 10/15 + 20/6. Suppose 54 - 18 = h*d. List the prime factors of d.
3
Suppose -3*i - 3*p = -1056, 0*p - p - 1044 = -3*i. List the prime factors of i.
349
Suppose -q + 5 - 2 = 0. Suppose -2*i + q = -i. What are the prime factors of i?
3
Let c(f) = 11*f**2 + 8 - 6*f**3 - 3 + 5*f**3. What are the prime factors of c(11)?
5
Suppose 0 = -s + h + 20 + 78, -3*s - 5*h + 302 = 0. List the prime factors of s.
3, 11
Let d = -3 + 5. Suppose y - d*r - 38 = 5*y, -5*r = -y - 4. List the prime factors of (-220)/(-18) + 2/y.
2, 3
Suppose -4*z + 5*z - 4 = 0. Let q(g) = 4*g - 3. What are the prime factors of q(z)?
13
Suppose -3*j + 2*x + 24 = -5*j, -39 = 5*j - 2*x. Let u = 15 + j. List the prime factors of u.
2, 3
Let l(t) be the third derivative of -t**7/560 - t**6/720 + t**5/60 + t**2. Let n(j) be the third derivative of l(j). List the prime factors of n(-2).
17
Suppose -2*x + 103 = 4*s + 3, -s + 228 = 4*x. Let v = x - 28. Suppose 5*q + v = 4*j - 17, 4*j = 4*q + 48. List the prime factors of j.
13
Let h = 8 + 0. List the prime factors of h.
2
Let j(a) be the first derivative of -9*a**4/2 - 2*a**3/3 - a**2/2 + 5. What are the prime factors of j(-1)?
17
Let q(y) = -y**3 + 5*y**2 + 3*y + 5. Suppose 16 = 4*f - p, -2*f - 2*f + 16 = -5*p. List the prime factors of q(f).
3, 11
Let f(r) = r**3 + 7*r + 0*r - r + 7 + 6*r**2. What are the prime factors of f(-5)?
2
Suppose -46*r + 60 = -42*r. What are the prime factors of r?
3, 5
Let x(o) = o**3 - 9*o**2 - 10*o - 7. Let r be x(10). Let v(m) = m**3 - 7*m + 7*m**2 + m**2 + 9 - 2*m**2. What are the prime factors of v(r)?
3
Let s(h) = h**3 - 4*h**2 + 4*h - 4. Let p be s(3). List the prime factors of 13 + (-1 - 2)/p.
2
Let g(h) = -38*h + 11. What are the prime factors of g(-6)?
239
Let r(i) = 2*i - 12. Let m be r(8). Suppose -m*n = -0*q - 3*q + 69, 2*n + 115 = 5*q. List the prime factors of q.
23
Let k(l) = 32*l - 2. List the prime factors of k(4).
2, 3, 7
Suppose 2*j - 3*j - 9 = -3*l, 2*j - 6 = 0. Let k = l - 2. What are the prime factors of k?
2
Suppose 0 = 4*o - t + 8, 9 - 28 = 3*o - 4*t. Let j(z) = -5*z. List the prime factors of j(o).
5
Let t be 15/9 + 1/3. Suppose -4 = 4*s, t = 3*y - 2*s - 9. What are the prime factors of y?
3
Suppose -v - 3*v + 4 = 0. Let x be (-2)/(-3 + 2/2). List the prime factors of (-2 + x)/v - -11.
2, 5
Let g(n) = n**2 + 2*n - 2. Suppose l - 11 = -5*u, -18 = 4*l - 2. What are the prime factors of g(u)?
13
Let r(m) = -m**3 - 7*m**2 + 13*m - 14. What are the prime factors of r(-10)?
2, 3, 13
Let u(q) = q - 3. Let i be u(3). Suppose -4*o - 3*x = 7, 4*o - 3*x + 2*x = -19. Let j = i - o. What are the prime factors of j?
2
Let b be (-2)/18*2*-9. Suppose 5*g - 22 = -2. Suppose -33 = -4*y + 5*z + 18, -b*y = -g*z - 30. What are the prime factors of y?
3
Let o = -140 + 496. List the prime factors of o.
2, 89
Suppose 3*f + 34 = f. Let a = -30 - -22. Let g = a - f. List the prime factors of g.
3
Let t be (-18)/(-2)*5/1. Suppose 0 = 2*f + i - 14, -t = -5*f + 5*i + 5. List the prime factors of f.
2
Let j be 3 - 0/(-3 + 5). Suppose 3 = j*z - 15. What are the prime factors of z?
2, 3
List the prime factors of ((-7)/(-14))/(2/8).
2
Let p be 26/8 + 3/(-12). Let q be 13/3 - (-3)/(-9). Suppose -p*c + q*a + 36 = 0, 3*c + 4*a = -a + 36. What are the prime factors of c?
2, 3
Suppose 2*u - 3*u - 15 = 0. Let c = u - -35. What are the prime factors of c/1*3/6?
2, 5
Let a = 197 - 82. What are the prime factors of a?
5, 23
Let d = 571 + -231. List the prime factors of d.
2, 5, 17
Let c(l) = 11*l - 27. What are the prime factors of c(16)?
149
Let b(m) = m - 1. Let s = 8 - 4. Suppose 5*g + f = 12, s*g + 0*g = 5*f + 27. What are the prime factors of b(g)?
2
Suppose 2*l = -3*q - 9, 2*q + 0 = -5*l - 6. Suppose -f - 2*f = l. Suppose f = -i - 3*i + 48. What are the prime factors of i?
2, 3
Suppose 0 = -0*g - g + 45. List the prime factors of g.
3, 5
Let c = 392 + -219. What are the prime factors of c?
173
Suppose 0 = -w - 4, 4*q - 732 = -0*q - 3*w. What are the prime factors of q?
2, 3, 31
What are the prime factors of (99/(3/3))/(1/1)?
3, 11
Suppose c = 5*j - 39, -8*j = -c - 4*j - 37. Let a = c - -50. Suppose 3*r - 5*x = a, 3*r + 0*r + 9 = -5*x. List the prime factors of r.
2
Suppose 26 = 5*l - 0*l + 2*n, n - 7 = -l. Suppose 2*m + 4*d = 16 - l, -5*d = -5*m + 15. What are the prime factors of m/(-20) + 51/5?
2, 5
Let j be ((-6)/(-15))/((-1)/(-5)). Suppose 65 = j*w - 23. Suppose 0 = 4*v + 12 - w. What are the prime factors of v?
2
Suppose -134 = -5*c + 71. What are the prime factors of c?
41
Suppose 3*j - 33 - 66 = 0. List the prime factors of j.
3, 11
Let q be (0 + 0)*(-4)/8. Let a(n) = 6 - 1 - n**2 + q*n**2 - 7*n. What are the prime factors of a(-7)?
5
Suppose -q - 5 = -14. Suppose q*u - 4*u = -65. Let t(h) = h**3 + 12*h**2 - 15*h - 6. What are the prime factors of t(u)?
2, 5
Suppose -3*i = -2*w + 138, -w + 11*i = 6*i - 83. What are the prime factors of w?
3, 7
List the prime factors of (-2 + 1)/(2/(-82)).
41
Suppose -3*r - 528 = -6*r. List the prime factors of (r/33)/((-2)/(-6)).
2
Let k be 3/(-7) + 31/7. Suppose 2*q + 4*t = 80, 66 = -k*q - 3*t + 201. What are the prime factors of q?
2, 3, 5
Let d(y) be the third derivative of y**5/60 + y**4/12 - y**3/2 - y**2. Let z be d(-5). Suppose -s - z = -4*s. List the prime factors of s.
2
Let l be ((-30)/12)/(1/(-2)). Let x = l - 3. List the prime factors of x.
2
Let s = -11 - -16. Suppose 2*a - 123 = -3*q, s*q - a - 2*a - 186 = 0. List the prime factors of q.
3, 13
Let q be 2/(-8) + (-738)/(-8). Suppose 4*d = 5*x - q, -2*x + 73 = 2*x - 3*d. What are the prime factors of x?
2
Let n(u) = -2*u - 4. Let h be n(-3). Let c be h/7 + 26/7. Suppose c*r = 3*v + 68, -4*r = -5*v + v - 72. List the prime factors of r.
2, 7
Let z be 16/10 - (-8)/20. Let l be 9 + 2 - (z - 1). Let c = l + -6. List the prime factors of c.
2
Suppose 3*c + t = 734, 0 = -4*c + t - 5*t + 976. What are the prime factors of c?
5, 7
Suppose 2*s - 17 = 21. Suppose -4*t + 66 = -2*w - 32, s = 2*t + 5*w. List the prime factors of t.
2, 11
Let i(r) = -r**2 + 7*r + 1. Suppose 4 = 2*s - 8. List the prime factors of i(s).
7
Let g(r) = -r - 4. Let q be g(-7). Suppose -x + 3 = -q. List the prime factors of x.
2, 3
Let h = 2 + 2. Suppose -5*o = -h*k - 50, 3*o = -o + 4*k + 44. Suppose -21 = -o*l + 3*l. What are the prime factors of l?
7
Let a = -44 + 62. What are the prime factors of a?
2, 3
Let y = -67 + 122. What are the prime factors of y?
5, 11
Let u(m) = -m**2 + 5*m + 6. Suppose -5*f + 2*p = -f - 12, 2*p - 8 = 0. What are the prime factors of u(f)?
2, 3
Suppose 3*g - 22 = 5. What are the prime factors of ((-30)/g)/(1/(-3))?
2, 5
Let x(b) = 25*b - 2. List the prime factors of x(1).
23
Let r = -7 - -12. Let b(z) = z**2 + 5*z - 5. Let t be b(r). Suppose 0 = -5*m + g - 0*g + 50, -5*m + t = -2*g. What are the prime factors of m?
11
Let t(q) = 0 - 4 - 2 + 5 + 5*q. Let c = -4 + 6. What are the prime factors of t(c)?
3
Let k = -9 - -15. List the prime factors of k.
2, 3
Let j be (-1)/(-4) + (-58)/8. Suppose -8 = -5*v - 23. What are the prime factors of -1 - 1 - v - j?
2
Let z(n) = n**2 + 9*n + 6. Let d be z(-9). Let f = 8 - 3. Let c = d + f. List the prime factors of c.
11
What are the prime factors of (-3 + 2 + 3)*1?
2
Let n(s) = -s - 8. Let x be n(-8). Let j = 7 - x. Suppose 0 = -3*b + j*b - 64. What are the prime factors of b?
2
Let c(o) = o**2 + 10*o + 4. What are the prime factors of c(-12)?
2, 7
List the prime factors of -12*(1 + 45/(-10)).
2, 3, 7
Suppose 3*w - 196 - 104 = 0. Suppose 3*n - 54 = -4*x + 54, w = 5*x - 5*n. List the prime factors of x.
2, 3
Suppose -266 = 5*t - 2026. What are the prime factors of t?
2, 11
Suppose 4*x + x - 25 = 0. Suppose -5*m = -15 - 0. Suppose